
Let g(o) = o + 8. Let v be g(-6). Let b(a) = -14*a**3 + 2*a + 2. Let x be b(-1). Suppose x = -0*y + v*y. What is the units digit of y?
7
Let x = -81 - -82. Let l = x + 18. What is the units digit of l?
9
Let u(h) = -2*h**3 + 28*h**2 - 10*h - 27. What is the hundreds digit of u(12)?
4
Suppose 0 = 17*v - 14*v - 1368. What is the tens digit of v?
5
Let s(q) = -q**2 + 11*q + 4. Let g be s(11). What is the tens digit of 74 - (3 - (-2 + g))?
7
Let s(o) be the third derivative of o**6/120 - o**5/15 + 5*o**4/24 - 5*o**3/6 + o**2. Let t = -28 + 32. What is the units digit of s(t)?
5
Let f(m) = -m**2 + 6*m - 5. Let r be f(3). Suppose z + r*n + 0 = -5, 4*z = 4*n + 20. Suppose 4*k - 38 = z*k. What is the tens digit of k?
3
Suppose -35 = -b - 8. Let y = b + 63. What is the tens digit of y?
9
Let w(v) = v**3 - 15*v**2 + 10*v - 21. What is the tens digit of w(16)?
9
Suppose -2*a - 3*r = 150, 4*r = -3*a + 7*a + 320. What is the units digit of (a/(-12) + 5)*2?
3
Suppose 0 = -d + 2*d - 2*i - 14, -5 = 5*d + 5*i. Suppose -d = r - 6. Suppose 0 = -r*z + z + 19. What is the units digit of z?
9
Let l(q) = -8*q - 57. What is the units digit of l(-22)?
9
Suppose -11 - 3 = -2*h. Suppose -5*q - 4*g = -49, h = q - 0*q - 2*g. Suppose 0 = 3*j - q, j - 9 + 106 = 2*p. What is the tens digit of p?
5
Suppose -3*c = -3*d + 741, -12*d + 11*d = 2*c - 247. What is the units digit of d?
7
What is the tens digit of ((-21)/(-14))/(4367/(-4370) + 1)?
8
Suppose 4*m - 41 = q, 0*q + 2*m = q + 33. Let u = q - -54. Suppose -4*i = -3*i - p - u, 5*p + 112 = 4*i. What is the tens digit of i?
3
Suppose 7*b - 24 = 10*b. What is the tens digit of (22/b)/(1*6/(-72))?
3
Let j(c) = 3*c**2 - 6*c + 12. Let s be -7*(-1)/(-2)*(-15 + 13). What is the tens digit of j(s)?
1
Suppose a - 4*a + 45 = 0. Let v = -15 + a. What is the units digit of 1*(v + -2) - -12?
0
Suppose -5*s + 4 = -s. Let b = 2 - s. Suppose t = 5*a + 10, -b - 3 = -2*a. What is the tens digit of t?
2
Let n(c) = -c**3 - 3*c**2 + 3*c. Suppose -2*t = 4*x + 16, 4*t + 7 + 9 = -4*x. Let k be n(x). Suppose -45 = -k*l + l. What is the units digit of l?
5
Let i = -48 - -73. Let u = 41 - i. Suppose 0 = -3*y + y + u. What is the units digit of y?
8
Let a(q) = 3*q + 21. Let h be a(-7). Suppose -g - 5*p + 25 + 34 = h, 3*p = -2*g + 139. What is the units digit of g?
4
Suppose 9*g - 14*g - 463 = -3*c, -4*c - 5*g + 629 = 0. What is the units digit of c?
6
Suppose 0 = -a - 4*w + 1018, 4*a + 2*w = 8*a - 4000. What is the tens digit of a?
0
Let c be (-528)/64 - 3/4. Let s(d) = -d - 2*d + 11 - 4. What is the units digit of s(c)?
4
Let x = 140 - -30. Suppose 13 = -r + 17. Suppose -i = -r*h - 61, -i - 2*i + x = h. What is the units digit of i?
7
Let a be (6/(-9))/(10/(-45)). Suppose 0*z = a*v - z - 382, -4*v = -z - 508. What is the units digit of v?
6
Suppose 0 = 5*r + 687 - 5737. What is the units digit of r?
0
Let o(s) = s**2 - 4*s - 1. Let j be o(5). Let w be ((-2 - -2)/j)/1. Suppose -5*r - 4 + 39 = w. What is the units digit of r?
7
Let o(w) = w**2 - 2*w + 2. Let l be (5/2)/((-5)/(-10)). Let p be o(l). Suppose -4*b = -5*b + p. What is the units digit of b?
7
Suppose -y = 5*g - 0*y - 15, 5*y = -2*g - 17. Suppose 4*b = -g*m + 296, -5*b + 316 = -3*m - 46. What is the tens digit of b?
7
Let m(x) = 43*x**2 - 8*x + 9. What is the units digit of m(4)?
5
Let o be 3 + 2/(-4) + (-90)/(-12). Suppose w - 237 = -o. What is the tens digit of w?
2
Let n(l) be the second derivative of -l**2 - 1/4*l**4 - 5*l + 1/20*l**5 + 0 - 1/2*l**3. What is the units digit of n(4)?
2
Suppose -4*u = -3*u. Let y = u + 5. Suppose -y*v - 2*t + 5*t + 150 = 0, 2*v - 4*t - 60 = 0. What is the tens digit of v?
3
Suppose 0 = -8*c - 1502 + 7462. What is the tens digit of c?
4
Let v(s) be the first derivative of -89*s**2/2 + s + 17. What is the units digit of v(-1)?
0
Suppose 4*n + 256 = -48. Let f = -32 - n. Let x = -28 + f. What is the units digit of x?
6
Let o = 1086 - -986. What is the thousands digit of o?
2
Let t = -14 - -8. Let f be t/(1 + (-8)/12). What is the tens digit of (0 + -1)*(-3 + f)?
2
Let x = 1367 + -1110. What is the hundreds digit of x?
2
Let b = 2225 + -1342. What is the tens digit of b?
8
Suppose -23*h + 17*h - 204 = 0. Let m = -7 + -7. Let y = m - h. What is the units digit of y?
0
Let m = -48 + 75. Suppose m = d - 4. Suppose -g + 0*g + d = 0. What is the tens digit of g?
3
Let y = 88 + -64. What is the units digit of 127 + (-8)/(-6)*36/y?
9
Suppose 5*v + 5*a = -70, -2*v = -3*v - 3*a - 16. Let n = 5 + v. What is the tens digit of (n - 0)*(-13)/2?
5
Let i(a) = a + 10. Let c = -21 + 28. What is the units digit of i(c)?
7
Let n(w) = w**3 - 15*w**2 + 14*w - 243. What is the tens digit of n(17)?
7
Suppose -2*r = 2*u + 6, -2*r = 4*u - 3*u + 3. What is the tens digit of u*(-2 - 350/5)?
1
What is the tens digit of -7 + 3 + (-1 - -656)?
5
Suppose 2*p - 239 = 5*o, 0*p - o = p - 116. What is the units digit of 333/p + (-2)/(-13)?
3
Let l(t) = 1569*t**3 + 2*t**2 - 5*t + 4. What is the tens digit of l(1)?
7
Suppose 0 = -4*t - f - 4*f + 207, 0 = 5*f + 25. What is the tens digit of t?
5
Suppose 1702 = 2*q - 2*y, -3*y + 3383 = 9*q - 5*q. What is the units digit of q?
8
Suppose -3*p = 5*i - 883, -3*p + 919 = -i - 3*i. Suppose 2*n + 5*n = p. What is the tens digit of n?
4
Suppose 4447 = 3*x + 4*t, 5926 = 53*x - 49*x + 2*t. What is the hundreds digit of x?
4
Suppose 15*o - 23091 = 1119. What is the thousands digit of o?
1
Let z be (2 - -1)*(4 - 3). Suppose z*n = -2*n + 60. Suppose 5*q - n = -4*v + 62, -2*q + 29 = v. What is the units digit of q?
4
Suppose -5*s = -5*h - 1055, -5*h + 199 = s - 0*h. What is the units digit of s?
9
Suppose -6*a = a - 28. Let z(y) = -a - 155*y + 153*y + 11. What is the tens digit of z(-7)?
2
Suppose 5*i + 47 + 86 = -u, 3*u + 2*i + 386 = 0. Let j = u - -187. What is the tens digit of j?
5
Let b = 3 + 3. Suppose -2*r = -b*r. Suppose r = g - 2 - 4. What is the units digit of g?
6
Let v(q) = -14*q**3 - 6*q**2 - 5*q - 18. What is the hundreds digit of v(-4)?
8
Let j(i) = 143*i + 451. What is the hundreds digit of j(37)?
7
Suppose 4*n - 4*v = 1564, 3*v - 19 = 4*n - 1580. What is the tens digit of n?
8
Suppose -141 = 7*l - 10*l. What is the units digit of l?
7
Let f = 869 - 541. What is the hundreds digit of f?
3
Let h(m) = -m - 51. Let s(n) = n + 25. Let t(j) = -2*h(j) - 5*s(j). What is the tens digit of t(-17)?
2
Suppose -16 = -5*m + 29. What is the units digit of 2/m + -4 + (-4445)/(-45)?
5
Suppose 25 = -5*a - 7*r + 2*r, 0 = -3*a - 5*r - 25. Suppose -2*v - j = -a*v - 113, 3*j - 231 = -4*v. What is the units digit of v?
4
Let u = 597 - 66. Let o = u - 342. What is the hundreds digit of o?
1
Let d(y) = 12*y**3 + y**2 - 7*y + 5. Suppose -3*g + 5*l - 9 = 0, 4*l = 3*g - g + 8. What is the units digit of d(g)?
1
Let j = -34 + 34. Suppose x = -3*c - 7 + 41, 5*x - c - 186 = j. What is the tens digit of x?
3
Suppose 0 = -19*x + 2*x + 23341. What is the thousands digit of x?
1
Let u(h) = -14*h**2 - 2 + 15*h**2 + 7. Let a be u(0). Suppose 180 = 5*d + a*y, 4*d - 2*y = -y + 129. What is the tens digit of d?
3
Suppose 6*p = 2*p + 12. Suppose 3*n - 41 = 4*j, p*n - 4*n + 17 = -2*j. Suppose -2*f + n = -13. What is the tens digit of f?
1
Suppose 8*a + 0*a = 32. Suppose -5*j = -a*w - j + 8, -2*w = -3*j - 8. What is the units digit of 49 - 4/8*w?
0
Suppose 2 = s + o - 2*o, -2*s = o - 13. Suppose -2*i - p = -105, 3*p = s*i - 182 - 64. What is the tens digit of i?
5
Suppose 0 = -b - 31. What is the units digit of b/(-4) - (-1)/4?
8
Suppose 604 = 5*h - h. Suppose r + 3*r + 5*f = -h, 4*r + 161 = -3*f. Let v = 63 + r. What is the units digit of v?
9
Let j(y) = -y**3 + 7*y**2 + 10*y + 1. Let s be j(8). Suppose s + 27 = -2*r. What is the units digit of (-12)/(-66) + (-480)/r?
2
Suppose 3997 = 5*q + 3*m - 2828, 0 = -4*q - 4*m + 5452. What is the tens digit of q/15 - 2/10?
9
Let j = -840 - -1421. What is the tens digit of j?
8
Suppose 0*u + 5 = 3*u + 4*k, 2*u - 4*k = 30. Suppose 0 = 5*g - u*z + 2*z - 45, g = -z + 15. Suppose -24 = -3*n + g. What is the units digit of n?
2
Suppose 4*z + 116 = -8*c + 5*c, 0 = -5*z - 4*c - 146. Let r = z - -26. Suppose -5*q + 53 + 177 = r. What is the units digit of q?
6
What is the tens digit of 10552/(-28)*112/(-32)?
1
Suppose 7 = 3*d - 518. Suppose -5*h = -0*h